 3*w + 15 = 0. Suppose 0*n + x = 4*n. What is the units digit of n?
9
Let l(g) = 2*g - 6. Let w(z) = -z**2 - 7*z + 4. Let q be w(-7). Let f be l(q). Suppose -f - 6 = -s. What is the units digit of s?
8
Let z be 2/6 - (-17)/3. Suppose j = z*j - 10. What is the units digit of j?
2
Suppose d + 7 = 2*w, 3*w + 0*d - 21 = -2*d. Suppose 0*l - l - 2 = 0, 0 = -w*i - 5*l + 25. What is the units digit of i?
7
Suppose -3*m + m + 42 = 0. Suppose 0 = -f - 58 + m. Let o = -26 - f. What is the units digit of o?
1
Let x = 25 + -14. Let l = 32 - x. What is the tens digit of l?
2
Suppose -c - 234 + 91 = -x, 5*x = -4*c + 715. What is the hundreds digit of x?
1
Suppose 5*u - 39 = -4*q, -u + 14 = -5*q + 99. Suppose -2*j + 6*j = q. What is the units digit of j?
4
Let w(l) = l**3 - 6*l**2 + l - 3. Let b = -8 - -14. Let j be w(b). Suppose -g - 2 = -j*g. What is the units digit of g?
1
Let k(h) = -3*h**3 - h**2 - 21*h - 2. What is the hundreds digit of k(-5)?
4
Let p(l) = 4*l - 8. What is the tens digit of p(6)?
1
Let m be (-4 + 55/20)*-4. Let c(g) be the first derivative of -g**3/3 + 5*g**2/2 + 5*g - 1. What is the units digit of c(m)?
5
Suppose 0 = -4*q + 3*q + 33. What is the units digit of q?
3
Suppose 2*w - 2*p = 4*w - 6, 4*w - 5*p = 21. Suppose -w*o + 2*o + 72 = 0. What is the tens digit of o?
3
Let f = 315 - 222. What is the tens digit of f?
9
Let r be (-32)/5 + 4/10. What is the tens digit of 15*(-2)/r*3?
1
Suppose 0 = -0*z + z - 4. Suppose 3*u - 146 = -4*i, 4*u - 177 = -i - z. Suppose 2*d + j = -0*d + 20, -3*j = 4*d - u. What is the units digit of d?
9
Suppose u = 529 - 184. What is the hundreds digit of u?
3
Suppose -u = -129 - 134. What is the tens digit of u?
6
Suppose j - 6*j + 195 = 0. Let q = -22 + j. What is the tens digit of q?
1
Let s be 1 + -1 - 32/8. What is the tens digit of 57/5 - s/(-10)?
1
Suppose -8*n + 476 + 548 = 0. What is the units digit of n?
8
Let c(q) = -q**3 + 20*q**2 - 15*q + 11. What is the tens digit of c(19)?
8
Suppose 4*a + 4*p + 0*p = 876, -3*a + 2*p = -642. What is the units digit of a?
6
Suppose -5*l + w - 3 = -0, 3*l - 3 = -w. Suppose 3*v + v - 20 = l. Suppose -3*m + 28 + 0 = -r, -2*r = -v*m + 48. What is the units digit of m?
8
Let x be (4 - 1)*(-2)/(-6). Let f be (-1 - 0 - x) + 1. What is the units digit of (f/(-1))/((-1)/(-3))?
3
Let d(k) = -k**2 - 9*k - 8. Let c be ((-3)/(-6))/(1/(-12)). What is the units digit of d(c)?
0
Let q = -33 + 54. What is the tens digit of q?
2
Let p(w) = w**3 + 6*w**2 + 5*w + 2. Let o be p(-5). Suppose o*d + d = -15. Let f = -3 - d. What is the units digit of f?
2
Suppose -2*b + 1 + 5 = 0. Let g be (-20)/6*(-30)/25. Suppose p - g*p + 7 = u, -p = u - b. What is the units digit of p?
2
Let c be 4/(-16) - 1/(-4). Let l(o) = -o**3 - o**2 + 8. What is the units digit of l(c)?
8
Let o(i) = 3*i - 2*i - 5 + 0. Let v be o(7). Suppose -12 = -v*b + 6. What is the units digit of b?
9
Let d be (-5)/(-5) - (-2)/(-2). Suppose -2*a - 4*p + 3 + 9 = d, -a - 5*p = 6. What is the units digit of a?
4
Suppose 504 = 4*p + 4*j + 108, 3*p = -2*j + 292. What is the units digit of p/6 - 1/(-3)?
6
Suppose -g + 2 = -13. What is the units digit of 20/3*18/g?
8
Suppose -21*s + 27*s - 24 = 0. What is the units digit of s?
4
Suppose -2*j - 3*y + 375 = j, -2*j - 5*y = -241. Suppose 0*k - 4*k + j = 0. What is the units digit of k?
2
Let q(w) = 8*w**3 - w. Let l(a) = 2*a - 1. Let u be l(1). What is the units digit of q(u)?
7
Let x be 1*-26*(-1)/2. Suppose 5*w + 19 = c, -c = 5*w - 0*w + 1. Let o = x - c. What is the units digit of o?
4
Let g = -60 + 180. What is the hundreds digit of g?
1
Suppose s + 76 = 3*s. What is the units digit of s?
8
Let h be 2*-3*2/(-12). Let l be h*4 + (-2)/1. Suppose -2*w + 22 = 3*i, 0*i + 4*w = -l*i + 28. What is the units digit of i?
4
Suppose -3*w + 28 = 4*w. What is the units digit of w?
4
Suppose 2*n + 2*y = -11 + 63, -y = 2*n - 53. What is the tens digit of n?
2
Let m(j) = -j**3 - 8*j**2 + 3. Let k(i) = i**2. Let g(c) = 4*k(c) + m(c). What is the units digit of g(-4)?
3
Suppose -4*z + 17 + 39 = 0. What is the tens digit of z?
1
Let r(i) = -12*i - 10. Let w(t) = 11*t + 9. Let k(h) = 4*r(h) + 5*w(h). What is the tens digit of k(4)?
3
Let m(h) be the first derivative of h**6/360 + h**5/120 + 3*h**4/8 - h**3/3 - 1. Let r(w) be the third derivative of m(w). What is the units digit of r(0)?
9
Suppose 26 = 4*f - 3*i + 5*i, 2*f - 4*i + 12 = 0. Suppose -2*b + f*y = -6*b + 56, 0 = 3*b + 2*y - 45. What is the tens digit of b?
1
Let d be 3/(-5) + (-28)/(-5). Let c = 5 + d. What is the tens digit of c?
1
Let h be -2 - (0 + 0) - -5. What is the tens digit of ((-26)/(-3))/(1/h)?
2
What is the tens digit of 190/4*(-24)/(-30)?
3
Let b = 106 + -62. What is the tens digit of b?
4
Suppose -3*u - 5*i - 71 = 0, 4*i - 10 = 10. Suppose -282 + 42 = -5*m. Let o = u + m. What is the tens digit of o?
1
Let m(o) = o + 9. Let s be m(-8). Suppose b = -6 + s. Let k = b - -22. What is the tens digit of k?
1
What is the tens digit of 5/(-25) + (-806)/(-5)?
6
Let w(v) = v + 11*v**2 + 5 - 5. Let q be w(1). Suppose -2*p = -4*p + q. What is the units digit of p?
6
Let k(q) = q**2 - 3*q + 9. What is the tens digit of k(-4)?
3
Suppose 0 = -u - u. Suppose -4*l + 64 = -u*v + 4*v, -5*l - 40 = -5*v. Suppose -5*k = -3*h - 35, -4*h - v = -2*k + 4*k. What is the units digit of k?
4
Let b(g) = g**3 - 13*g**2 + 11*g + 16. Let p be b(12). Suppose -3*h + p*v = -17, 2*h + 3 = 2*v + 15. What is the units digit of h?
7
Let f(p) = -p**2 + 6*p + 2. Let u(w) = w - 1. Let y be u(7). What is the units digit of f(y)?
2
Suppose 2*x - 3*s - 69 = 0, -3*x = 2*s + 2*s - 146. What is the units digit of x?
2
Let h(u) = 5*u + u**2 + 0 + 1 + 0*u - u. What is the units digit of h(-4)?
1
Suppose 6*q = 3*q - 54. Let i be (-76)/q + 2/(-9). Suppose 4*s - 20 = 2*x, -x = -i*s + 2*x + 18. What is the units digit of s?
6
Let y(m) be the first derivative of m**4/4 + 7*m**3/3 - m**2/2 + 3*m + 4. What is the units digit of y(-7)?
0
Suppose 4*h - 5 = 3. Suppose 4*b - h*b = 0. Suppose -32 = -4*k - b*k. What is the units digit of k?
8
Let x = 3 - 7. Let h(a) = -a**3 - 2*a**2 + 5. What is the units digit of h(x)?
7
Suppose -2*l + 4*l = -6. Let p(c) = -c**2 - 2*c - 1. Let x be p(l). Let z = 5 + x. What is the units digit of z?
1
Let i(m) = -m**2 - m**3 + 4*m**2 + 2*m**2. Let l be i(5). Let s = 4 + l. What is the units digit of s?
4
Let z(u) = -u**2 + 5*u - 4. Let w be z(3). Let j(l) = -l**2 - 4*l**3 - l + w*l**3 + l**3. What is the units digit of j(-2)?
6
Suppose -5*b = -2*w - 20, -4*w + 27 = 7. Let y = 8 - b. Let f(x) = x**3 - 2*x**2 + x + 1. What is the units digit of f(y)?
3
Suppose -4*o = 16, -3*q - o - o + 217 = 0. What is the tens digit of q?
7
Suppose -3*s - 27 = -8*s - 3*b, 0 = 2*s - b - 2. Let k be s*2*6/(-2). What is the units digit of ((-12)/k)/(2/36)?
2
Let u = 45 - 6. What is the units digit of u?
9
Let y be 21 - 4 - -2*1. Let x = 31 - y. Let j = x - 6. What is the units digit of j?
6
Let v(r) = -9*r - 56. What is the units digit of v(-20)?
4
What is the units digit of 8/20 - (-7240)/25?
0
Let w(b) = -8*b. Let n be w(1). Let d = 22 + n. What is the tens digit of d?
1
Let c(w) = 6*w - 35. What is the units digit of c(16)?
1
Let q = -2 - 0. What is the units digit of q + 2 - 0 - -6?
6
Suppose -3*g - 49 = -a, -5*g = -3*a - 2*g + 129. What is the tens digit of a*(-3)/((-3)/1)?
4
Let q = 59 - -6. What is the units digit of q?
5
Suppose -5*o + 10 = -0. Suppose -5*c + d + o = -16, 0 = d - 2. What is the units digit of c?
4
Let c be 6*(-4)/16*-2. Let b(j) = -j + 5. What is the units digit of b(c)?
2
Let g(w) = w - 2. Let j be g(4). Let b be j/(-4)*(-38 + 2). Let k = b - 11. What is the units digit of k?
7
Suppose k = 3*k - 34. What is the units digit of k?
7
Let p = 19 + -16. Suppose -5 + p = -2*k. What is the units digit of k?
1
Let p = 176 - 81. What is the units digit of p?
5
Let d(m) = -m - 3. What is the units digit of d(-10)?
7
Suppose 0 = -5*l, -l + 4 = -2*u + 4*u. Let n(h) = 28*h - 4. What is the tens digit of n(u)?
5
Let l = -3 - -6. Suppose -24 = -l*c - c. What is the units digit of c?
6
Let l(d) = -3*d - 2. Let s be l(-3). Suppose -20 = -0*m - 2*m + 5*p, -s = -m + p. Suppose 3 + 2 = m*a. What is the units digit of a?
1
What is the hundreds digit of (21/14 + 6)*76/